{"id":545,"date":"2024-01-10T18:41:08","date_gmt":"2024-01-10T17:41:08","guid":{"rendered":"https:\/\/cleeritesg.com\/?page_id=545"},"modified":"2025-10-31T07:46:23","modified_gmt":"2025-10-31T06:46:23","slug":"a-votre-service","status":"publish","type":"page","link":"https:\/\/cleeritesg.com\/index.php\/fr\/a-votre-service\/","title":{"rendered":"A votre service"},"content":{"rendered":"<div id=\"pl-545\"  class=\"panel-layout\" ><div id=\"pg-545-0\"  class=\"panel-grid panel-no-style\" ><div id=\"pgc-545-0-0\"  class=\"panel-grid-cell\" ><\/div><\/div><div id=\"pg-545-1\"  class=\"panel-grid panel-no-style\" ><div id=\"pgc-545-1-0\"  class=\"panel-grid-cell\" ><div id=\"panel-545-1-0-0\" class=\"so-panel widget widget_headline-widget panel-first-child panel-last-child\" data-index=\"1\" >\t\t<h1>N'h\u00e9sitez pas \u00e0 nous contacter<\/h1>\n\t\t<div class=\"decoration\"><div class=\"decoration-inside\"><\/div><\/div>\n\t\t<h3>Notre \u00e9quipe est \u00e0 votre disposition pour vous expliquer comment nous pouvons cr\u00e9er de la valeur pour votre organisation.<\/h3>\n\t\t<\/div><\/div><\/div><div id=\"pg-545-2\"  class=\"panel-grid panel-no-style\" ><div id=\"pgc-545-2-0\"  class=\"panel-grid-cell panel-grid-cell-empty\" ><\/div><div id=\"pgc-545-2-1\"  class=\"panel-grid-cell panel-grid-cell-mobile-last\" ><div id=\"panel-545-2-1-0\" class=\"widget_text so-panel widget widget_custom_html panel-first-child panel-last-child\" data-index=\"2\" ><div class=\"textwidget custom-html-widget\">\n<div class=\"wpcf7 no-js\" id=\"wpcf7-f544-o1\" lang=\"en-GB\" dir=\"ltr\" data-wpcf7-id=\"544\">\n<div class=\"screen-reader-response\"><p role=\"status\" aria-live=\"polite\" aria-atomic=\"true\"><\/p> <ul><\/ul><\/div>\n<form action=\"\/index.php\/wp-json\/wp\/v2\/pages\/545#wpcf7-f544-o1\" method=\"post\" class=\"wpcf7-form init\" aria-label=\"Contact form\" novalidate=\"novalidate\" data-status=\"init\">\n<fieldset class=\"hidden-fields-container\"><input type=\"hidden\" name=\"_wpcf7\" value=\"544\" \/><input type=\"hidden\" name=\"_wpcf7_version\" value=\"6.1.5\" \/><input type=\"hidden\" name=\"_wpcf7_locale\" value=\"en_GB\" \/><input type=\"hidden\" name=\"_wpcf7_unit_tag\" value=\"wpcf7-f544-o1\" \/><input type=\"hidden\" name=\"_wpcf7_container_post\" value=\"0\" \/><input type=\"hidden\" name=\"_wpcf7_posted_data_hash\" value=\"\" \/>\n<\/fieldset>\n<p><label> Nom*<br \/>\n<span class=\"wpcf7-form-control-wrap\" data-name=\"your-name\"><input size=\"40\" maxlength=\"400\" class=\"wpcf7-form-control wpcf7-text wpcf7-validates-as-required\" autocomplete=\"name\" aria-required=\"true\" aria-invalid=\"false\" value=\"\" type=\"text\" name=\"your-name\" \/><\/span> <\/label>\n<\/p>\n<p><label> E-mail*<br \/>\n<span class=\"wpcf7-form-control-wrap\" data-name=\"your-email\"><input size=\"40\" maxlength=\"400\" class=\"wpcf7-form-control wpcf7-email wpcf7-validates-as-required wpcf7-text wpcf7-validates-as-email\" autocomplete=\"email\" aria-required=\"true\" aria-invalid=\"false\" value=\"\" type=\"email\" name=\"your-email\" \/><\/span> <\/label>\n<\/p>\n<p><label> Organisation*<br \/>\n<span class=\"wpcf7-form-control-wrap\" data-name=\"your-organization\"><input size=\"40\" maxlength=\"400\" class=\"wpcf7-form-control wpcf7-text wpcf7-validates-as-required\" aria-required=\"true\" aria-invalid=\"false\" value=\"\" type=\"text\" name=\"your-organization\" \/><\/span> <\/label>\n<\/p>\n<p><label> Fonction<br \/>\n<span class=\"wpcf7-form-control-wrap\" data-name=\"your-position\"><input size=\"40\" maxlength=\"400\" class=\"wpcf7-form-control wpcf7-text\" aria-invalid=\"false\" value=\"\" type=\"text\" name=\"your-position\" \/><\/span> <\/label>\n<\/p>\n<p><label> Num\u00e9ro de t\u00e9l\u00e9phone<br \/>\n<span class=\"wpcf7-form-control-wrap\" data-name=\"your-phone\"><input size=\"40\" maxlength=\"400\" class=\"wpcf7-form-control wpcf7-tel wpcf7-text wpcf7-validates-as-tel\" aria-invalid=\"false\" value=\"\" type=\"tel\" name=\"your-phone\" \/><\/span> <\/label>\n<\/p>\n<p><label> Solution<br \/>\n<span class=\"wpcf7-form-control-wrap\" data-name=\"Solutionprincipale\"><select class=\"wpcf7-form-control wpcf7-select wpcf7-validates-as-required\" aria-required=\"true\" aria-invalid=\"false\" name=\"Solutionprincipale\"><option value=\"Reporting ESRS (CSRD)\">Reporting ESRS (CSRD)<\/option><option value=\"Reporting VSME\">Reporting VSME<\/option><option value=\"Reporting IFRS-S\">Reporting IFRS-S<\/option><option value=\"Cleerit Academy\">Cleerit Academy<\/option><option value=\"Participation webinaire (\u00e0 sp\u00e9cifier dans le message)\">Participation webinaire (\u00e0 sp\u00e9cifier dans le message)<\/option><option value=\"Cleerit EPM (Gestion de la Performance &amp; Pilotage d&#039;Activit\u00e9s)\">Cleerit EPM (Gestion de la Performance &amp; Pilotage d&#039;Activit\u00e9s)<\/option><option value=\"Autre (\u00e0 sp\u00e9cifier dans le message)\">Autre (\u00e0 sp\u00e9cifier dans le message)<\/option><\/select><\/span> <\/label>\n<\/p>\n<p><label> Votre message (facultatif)<br \/>\n<span class=\"wpcf7-form-control-wrap\" data-name=\"your-message\"><textarea cols=\"40\" rows=\"10\" maxlength=\"2000\" class=\"wpcf7-form-control wpcf7-textarea\" aria-invalid=\"false\" name=\"your-message\"><\/textarea><\/span> <\/label>\n<\/p>\n<p><input class=\"wpcf7-form-control wpcf7-submit has-spinner\" type=\"submit\" value=\"Envoyer ma demande de contact\" \/>\n<\/p><div class=\"wpcf7-response-output\" aria-hidden=\"true\"><\/div>\n<\/form>\n<\/div>\n<\/div><\/div><\/div><div id=\"pgc-545-2-2\"  class=\"panel-grid-cell panel-grid-cell-empty\" ><\/div><\/div><\/div>","protected":false},"excerpt":{"rendered":"<p>N&#8217;h\u00e9sitez pas \u00e0 nous contacter Notre \u00e9quipe est \u00e0 votre disposition pour vous expliquer comment nous pouvons cr\u00e9er de la valeur pour votre organisation. Nom* E-mail* Organisation* Fonction Num\u00e9ro de t\u00e9l\u00e9phone Solution Reporting ESRS (CSRD)Reporting VSMEReporting IFRS-SCleerit AcademyParticipation webinaire (\u00e0 sp\u00e9cifier dans le message)Cleerit EPM (Gestion de la Performance &amp; Pilotage d&#039;Activit\u00e9s)Autre (\u00e0 sp\u00e9cifier dans [&hellip;]<\/p>\n","protected":false},"author":1,"featured_media":0,"parent":0,"menu_order":0,"comment_status":"closed","ping_status":"closed","template":"templates\/template-full.php","meta":{"footnotes":""},"class_list":["post-545","page","type-page","status-publish","hentry","post"],"_links":{"self":[{"href":"https:\/\/cleeritesg.com\/index.php\/wp-json\/wp\/v2\/pages\/545","targetHints":{"allow":["GET"]}}],"collection":[{"href":"https:\/\/cleeritesg.com\/index.php\/wp-json\/wp\/v2\/pages"}],"about":[{"href":"https:\/\/cleeritesg.com\/index.php\/wp-json\/wp\/v2\/types\/page"}],"author":[{"embeddable":true,"href":"https:\/\/cleeritesg.com\/index.php\/wp-json\/wp\/v2\/users\/1"}],"replies":[{"embeddable":true,"href":"https:\/\/cleeritesg.com\/index.php\/wp-json\/wp\/v2\/comments?post=545"}],"version-history":[{"count":11,"href":"https:\/\/cleeritesg.com\/index.php\/wp-json\/wp\/v2\/pages\/545\/revisions"}],"predecessor-version":[{"id":2254,"href":"https:\/\/cleeritesg.com\/index.php\/wp-json\/wp\/v2\/pages\/545\/revisions\/2254"}],"wp:attachment":[{"href":"https:\/\/cleeritesg.com\/index.php\/wp-json\/wp\/v2\/media?parent=545"}],"curies":[{"name":"wp","href":"https:\/\/api.w.org\/{rel}","templated":true}]}}